2
What is the ten thousands digit of 987407?
8
What is the hundreds digit of 366174?
1
What is the thousands digit of 908695?
8
What is the tens digit of 9195250?
5
What is the hundreds digit of 277664?
6
What is the hundred thousands digit of 794796?
7
What is the hundreds digit of 49488?
4
What is the hundred thousands digit of 1010661?
0
What is the units digit of 161792?
2
What is the ten thousands digit of 829508?
2
What is the hundreds digit of 417843?
8
What is the hundred thousands digit of 650757?
6
What is the tens digit of 11796421?
2
What is the ten thousands digit of 162310?
6
What is the thousands digit of 358361?
8
What is the units digit of 8887104?
4
What is the ten thousands digit of 2015309?
1
What is the units digit of 1058861?
1
What is the thousands digit of 29511138?
1
What is the ten thousands digit of 203857?
0
What is the ten thousands digit of 8103210?
0
What is the hundred thousands digit of 874895?
8
What is the thousands digit of 2259202?
9
What is the ten thousands digit of 28171673?
7
What is the millions digit of 9596449?
9
What is the units digit of 391607?
7
What is the ten thousands digit of 361299?
6
What is the hundred thousands digit of 292515?
2
What is the hundred thousands digit of 104065?
1
What is the tens digit of 343475?
7
What is the units digit of 7052539?
9
What is the units digit of 6105222?
2
What is the hundreds digit of 8532140?
1
What is the units digit of 350548?
8
What is the units digit of 19194?
4
What is the hundred thousands digit of 7562513?
5
What is the ten thousands digit of 225023?
2
What is the hundreds digit of 406601?
6
What is the units digit of 5009320?
0
What is the ten thousands digit of 520584?
2
What is the hundred thousands digit of 5475900?
4
What is the ten thousands digit of 168265?
6
What is the thousands digit of 1170767?
0
What is the millions digit of 35662522?
5
What is the tens digit of 813962?
6
What is the tens digit of 4242753?
5
What is the tens digit of 725929?
2
What is the hundred thousands digit of 1735011?
7
What is the tens digit of 172180?
8
What is the ten millions digit of 21341683?
2
What is the hundreds digit of 17518?
5
What is the units digit of 4707682?
2
What is the ten thousands digit of 769544?
6
What is the ten thousands digit of 122224?
2
What is the ten thousands digit of 14419107?
1
What is the thousands digit of 1819644?
9
What is the tens digit of 790200?
0
What is the hundred thousands digit of 22216986?
2
What is the hundreds digit of 447049?
0
What is the millions digit of 11708326?
1
What is the ten thousands digit of 11243383?
4
What is the units digit of 2950414?
4
What is the ten thousands digit of 4843695?
4
What is the hundreds digit of 853135?
1
What is the thousands digit of 862263?
2
What is the tens digit of 2387?
8
What is the tens digit of 1461075?
7
What is the hundred thousands digit of 176707?
1
What is the ten thousands digit of 444608?
4
What is the thousands digit of 74940?
4
What is the units digit of 340414?
4
What is the hundred thousands digit of 1023293?
0
What is the ten thousands digit of 36333915?
3
What is the units digit of 676989?
9
What is the units digit of 825005?
5
What is the thousands digit of 78763?
8
What is the hundred thousands digit of 13631497?
6
What is the units digit of 213623?
3
What is the ten thousands digit of 2033437?
3
What is the hundred thousands digit of 3836131?
8
What is the hundred thousands digit of 1161043?
1
What is the tens digit of 17190092?
9
What is the units digit of 3721948?
8
What is the hundreds digit of 1063?
0
What is the thousands digit of 2442696?
2
What is the units digit of 9258655?
5
What is the ten thousands digit of 2310320?
1
What is the thousands digit of 308192?
8
What is the hundreds digit of 11989143?
1
What is the units digit of 2658769?
9
What is the tens digit of 951006?
0
What is the units digit of 67536?
6
What is the units digit of 3833865?
5
What is the thousands digit of 27563428?
3
What is the hundreds digit of 25774417?
4
What is the ten millions digit of 23467617?
2
What is the ten millions digit of 16390888?
1
What is the units digit of 25787662?
2
What is the millions digit of 1478591?
1
What is the millions digit of 4640841?
4
What is the units digit of 6891326?
6
What is the hundred thousands digit of 4904132?
9
What is the tens digit of 517450?
5
What is the units digit of 84003?
3
What is the ten thousands digit of 623506?
2
What is the ten thousands digit of 214989?
1
What is the hundred thousands digit of 1758660?
7
What is the thousands digit of 21801409?
1
What is the ten thousands digit of 1403232?
0
What is the tens digit of 13795548?
4
What is the thousands digit of 27169?
7
What is the ten millions digit of 12352578?
1
What is the hundreds digit of 6422507?
5
What is the hundreds digit of 316483?
4
What is the units digit of 524310?
0
What is the millions digit of 7164754?
7
What is the hundreds digit of 916146?
1
What is the ten thousands digit of 567785?
6
What is the hundreds digit of 219246?
2
What is the tens digit of 2993028?
2
What is the ten thousands digit of 902108?
0
What is the thousands digit of 2308221?
8
What is the hundreds digit of 1042254?
2
What is the units digit of 15569217?
7
What is the tens digit of 156894?
9
What is the tens digit of 1265408?
0
What is the hundreds digit of 1382025?
0
What is the tens digit of 9788?
8
What is the hundred thousands digit of 1188529?
1
What is the hundred thousands digit of 3713650?
7
What is the tens digit of 14053357?
5
What is the units digit of 407973?
3
What is the hundreds digit of 501828?
8
What is the thousands digit of 7859218?
9
What is the hundred thousands digit of 115055?
1
What is the ten thousands digit of 148217?
4
What is the millions digit of 1164648?
1
What is the ten thousands digit of 558383?
5
What is the ten thousands digit of 7982083?
8
What is the hundreds digit of 137380?
3
What is the units digit of 672980?
0
What is the tens digit of 596121?
2
What is the hundreds digit of 19845724?
7
What is the tens digit of 13284840?
4
What is the tens digit of 1594197?
9
What is the units digit of 3032547?
7
What is the thousands digit of 544069?
4
What is the tens digit of 5535145?
4
What is the hundred thousands digit of 2239499?
2
What is the hundreds digit of 136089?
0
What is the hundreds digit of 6211080?
0
What is the ten thousands digit of 769781?
6
What is the units digit of 4505314?
4
What is the hundred thousands digit of 1974994?
9
What is the hundred thousands digit of 705414?
7
What is the hundreds digit of 1584390?
3
What is the thousands digit of 11718?
1
What is the thousands digit of 8488332?
8
What is the ten thousands digit of 650375?
5
What is the hundred thousands digit of 450361?
4
What is the thousands digit of 126868?
6
What is the tens digit of 10740428?
2
What is the ten thousands digit of 344302?
4
What is the thousands digit of 182172?
2
What is the thousands digit of 471062?
1
What is the tens digit of 2023988?
8
What is the thousands digit of 1508522?
8
What is the units digit of 28077?
7
What is the millions digit of 4073080?
4
What is the hundred thousands digit of 485195?
4
What is the hundreds digit of 2489663?
6
What is the hundreds digit of 381151?
1
What is the ten millions digit of 13612693?
1
What is the millions digit of 1095918?
1
What is the tens digit of 157057?
5
What is the hundreds digit of 443633?
6
What is the hundreds digit of 574501?
5
What is the hundreds digit of 35813439?
4
What is the units digit of 56717?
7
What is the hundred thousands digit of 296283?
2
What is the tens digit of 466117?
1
What is the units digit of 150127?
7
What is the thousands digit of 182138?
2
What is the millions digit of 5002904?
5
What is the hundreds digit of 8155489?
4
What is the units digit of 3342331?
1
What is the units digit of 1262351?
1
What is the hundreds digit of 739388?
3
What is the units digit of 4206026?
6
What is the units digit of 5042739?
9
What is the hundreds digit of 328297?
2
What is the units digit of 1800122?
2
What is the hundreds digit of 12029553?
5
What is the hundreds digit of 4446545?
5
What is the tens digit of 12311470?
7
What is the tens digit of 2829770?
7
What is the thousands digit of